rs of 18786?
2, 3, 31, 101
List the prime factors of 4268.
2, 11, 97
List the prime factors of 843.
3, 281
List the prime factors of 5595.
3, 5, 373
List the prime factors of 2688.
2, 3, 7
List the prime factors of 10155.
3, 5, 677
What are the prime factors of 2030?
2, 5, 7, 29
What are the prime factors of 40565?
5, 7, 19, 61
What are the prime factors of 2983?
19, 157
List the prime factors of 25451.
31, 821
List the prime factors of 10223.
10223
What are the prime factors of 2203?
2203
What are the prime factors of 147754?
2, 73877
What are the prime factors of 1357?
23, 59
List the prime factors of 788.
2, 197
What are the prime factors of 1864?
2, 233
List the prime factors of 11591.
67, 173
List the prime factors of 2008.
2, 251
List the prime factors of 56926.
2, 28463
What are the prime factors of 28977?
3, 13, 743
List the prime factors of 3491.
3491
List the prime factors of 1044.
2, 3, 29
What are the prime factors of 3244?
2, 811
List the prime factors of 1290.
2, 3, 5, 43
What are the prime factors of 3028?
2, 757
What are the prime factors of 8885?
5, 1777
List the prime factors of 920.
2, 5, 23
What are the prime factors of 48704?
2, 761
What are the prime factors of 15849?
3, 587
What are the prime factors of 678?
2, 3, 113
List the prime factors of 9430.
2, 5, 23, 41
What are the prime factors of 1271?
31, 41
What are the prime factors of 28645?
5, 17, 337
What are the prime factors of 39900?
2, 3, 5, 7, 19
What are the prime factors of 248?
2, 31
List the prime factors of 2919.
3, 7, 139
List the prime factors of 88150.
2, 5, 41, 43
List the prime factors of 673.
673
What are the prime factors of 4159?
4159
List the prime factors of 2135.
5, 7, 61
What are the prime factors of 52311?
3, 7, 47, 53
What are the prime factors of 23852?
2, 67, 89
List the prime factors of 4302.
2, 3, 239
List the prime factors of 570.
2, 3, 5, 19
What are the prime factors of 25323?
3, 23, 367
List the prime factors of 35969.
35969
List the prime factors of 69.
3, 23
List the prime factors of 459.
3, 17
What are the prime factors of 1303?
1303
What are the prime factors of 6971?
6971
What are the prime factors of 962?
2, 13, 37
What are the prime factors of 5961?
3, 1987
List the prime factors of 4017.
3, 13, 103
List the prime factors of 90440.
2, 5, 7, 17, 19
List the prime factors of 102844.
2, 7, 3673
What are the prime factors of 19362?
2, 3, 7, 461
List the prime factors of 18700.
2, 5, 11, 17
List the prime factors of 116.
2, 29
What are the prime factors of 22002?
2, 3, 19, 193
List the prime factors of 2909.
2909
List the prime factors of 1339.
13, 103
List the prime factors of 2276.
2, 569
List the prime factors of 84855.
3, 5, 5657
What are the prime factors of 7743?
3, 29, 89
What are the prime factors of 132455?
5, 59, 449
List the prime factors of 36283.
13, 2791
What are the prime factors of 1070?
2, 5, 107
What are the prime factors of 2045?
5, 409
What are the prime factors of 112993?
19, 313
List the prime factors of 36405.
3, 5, 809
List the prime factors of 232.
2, 29
List the prime factors of 1275.
3, 5, 17
List the prime factors of 2233.
7, 11, 29
What are the prime factors of 614?
2, 307
List the prime factors of 28800.
2, 3, 5
What are the prime factors of 12186?
2, 3, 677
List the prime factors of 4445.
5, 7, 127
What are the prime factors of 21790?
2, 5, 2179
List the prime factors of 64573.
31, 2083
What are the prime factors of 9926?
2, 7, 709
What are the prime factors of 160?
2, 5
List the prime factors of 4709.
17, 277
What are the prime factors of 40621?
7, 829
List the prime factors of 8068.
2, 2017
What are the prime factors of 11952?
2, 3, 83
List the prime factors of 2355.
3, 5, 157
What are the prime factors of 926?
2, 463
List the prime factors of 1019.
1019
List the prime factors of 171478.
2, 83, 1033
What are the prime factors of 3189?
3, 1063
What are the prime factors of 15337?
7, 313
What are the prime factors of 23547?
3, 47, 167
What are the prime factors of 600?
2, 3, 5
List the prime factors of 25103.
13, 1931
What are the prime factors of 6083?
7, 11, 79
List the prime factors of 14807.
13, 17, 67
List the prime factors of 6183.
3, 229
What are the prime factors of 1768?
2, 13, 17
List the prime factors of 1303.
1303
What are the prime factors of 4524?
2, 3, 13, 29
What are the prime factors of 1211?
7, 173
List the prime factors of 15106.
2, 7, 13, 83
List the prime factors of 59842.
2, 29921
What are the prime factors of 44785?
5, 13, 53
List the prime factors of 2686.
2, 17, 79
List the prime factors of 71128.
2, 17, 523
What are the prime factors of 2165?
5, 433
List the prime factors of 828.
2, 3, 23
List the prime factors of 1130.
2, 5, 113
List the prime factors of 2143.
2143
List the prime factors of 7209.
3, 89
What are the prime factors of 27156?
2, 3, 31, 73
What are the prime factors of 858?
2, 3, 11, 13
What are the prime factors of 22809?
3, 7603
What are the prime factors of 23121?
3, 7, 367
What are the prime factors of 1123?
1123
What are the prime factors of 3866?
2, 1933
What are the prime factors of 1706?
2, 853
What are the prime factors of 715?
5, 11, 13
List the prime factors of 4914.
2, 3, 7, 13
What are the prime factors of 28051?
28051
What are the prime factors of 3846?
2, 3, 641
What are the prime factors of 39982?
2, 19991
What are the prime factors of 3665?
5, 733
What are the prime factors of 25949?
7, 11, 337
List the prime factors of 653.
653
List the prime factors of 10286.
2, 37, 139
What are the prime factors of 706?
2, 353
List the prime factors of 20696.
2, 13, 199
List the prime factors of 1141.
7, 163
What are the prime factors of 630?
2, 3, 5, 7
List the prime factors of 110225.
5, 4409
List the prime factors of 5456.
2, 11, 31
List the prime factors of 1642.
2, 821
What are the prime factors of 2286?
2, 3, 127
What are the prime factors of 1031?
1031
What are the prime factors of 2091?
3, 17, 41
What are the prime factors of 481?
13, 37
What are the prime factors of 4545?
3, 5, 101
What are the prime factors of 2231?
23, 97
List the prime factors of 1429.
1429
What are the prime factors of 4264?
2, 13, 41
List the prime factors of 15976.
2, 1997
List the prime factors of 3716.
2, 929
List the prime factors of 12530.
2, 5, 7, 179
What are the prime factors of 3934?
2, 7, 281
List the prime factors of 99065.
5, 19813
List the prime factors of 3960.
2, 3, 5, 11
List the prime factors of 85637.
29, 2953
What are the prime factors of 11707?
23, 509
List the prime factors of 51387.
3, 7, 2447
List the prime factors of 2018.
2, 1009
What are the prime factors of 2710?
2, 5, 271
List the prime factors of 571.
571
List the prime factors of 54301.
13, 4177
What are the prime factors of 1095?
3, 5, 73
What are the prime factors of 39529?
7, 5647
What are the prime factors of 3958?
2, 1979
List the prime factors of 308.
2, 7, 11
List the prime factors of 2402.
2, 1201
What are the prime factors of 1746?
2, 3, 97
What are the prime factors of 587?
587
List the prime factors of 406.
2, 7, 29
List the prime factors of 4362.
2, 3, 727
What are the prime factors of 8905?
5, 13, 137
List the prime factors of 23380.
2, 5, 7, 167
List the prime factors of 13353.
3, 4451
List the prime factors of 406.
2, 7, 29
What are the prime factors of 3521?
7, 503
What are the prime factors of 30789?
3, 11, 311
What are the prime factors of 58055?
5, 17, 683
List the prime factors of 15727.
15727
What are the prime factors of 20789?
20789
List the prime factors of 277.
277
List the prime factors of 515.
5, 103
What are the prime factors of 318?
2, 3, 53
What are the prime factors of 2079?
3, 7, 11
What are the prime factors of 6667?
59, 113
List the prime factors of 1235.
5, 13, 19
List the prime factors of 1356.
2, 3, 113
List the prime factors of 2116.
2, 23
List the prime factors of 9319.
9319
What are the prime factors of 68769?
3, 283
What are the prime factors of 1834?
2, 7, 131
List the prime factors of 152351.
73, 2087
List the prime factors of 7514.
2, 13, 17
What are the prime factors of 10599?
3, 3533
List the prime factors of 1198.
2, 599
What are the prime factors of 4206?
2, 3, 701
What are the prime factors of 255?
3, 5, 17
List the prime factors of 2415.
3, 5, 7, 23
L